{"id":31,"date":"2024-03-17T19:49:02","date_gmt":"2024-03-17T19:49:02","guid":{"rendered":"https:\/\/karate.isph.de\/?page_id=31"},"modified":"2024-03-17T19:49:02","modified_gmt":"2024-03-17T19:49:02","slug":"ueber-das-wildcat-dojo","status":"publish","type":"page","link":"https:\/\/karate.isph.de\/index.php\/ueber-das-wildcat-dojo\/","title":{"rendered":"\u00dcber das Wildcat-Dojo"},"content":{"rendered":"\n<p>Warum hei\u00dft unser Dojo \u201eWildcat Dojo\u201c?<br>Wildcat ist der Kampfname unseres Kyoshis Stephan. Den Kampfnamen bekommt man bei der Schwarzgurt-Pr\u00fcfung von seinem Lehrer verliehen. Ein Dojo muss nicht nach dem Kampfnamen des Dojo-Leiters benannt sein. Ganz fr\u00fcher hie\u00df unser Dojo \u201eKaizen Dojo\u201c.<\/p>\n\n\n\n<p>Gegr\u00fcndet wurde das Dojo 1993 von Frank Schuck (mittlerweile 8. Dan), der auch verantwortlicher Leiter des SOHF Verbandes in Europa ist.<\/p>\n","protected":false},"excerpt":{"rendered":"<p>Warum hei\u00dft unser Dojo \u201eWildcat Dojo\u201c?Wildcat ist der Kampfname unseres Kyoshis Stephan. Den Kampfnamen bekommt man bei der Schwarzgurt-Pr\u00fcfung von seinem Lehrer verliehen. Ein Dojo muss nicht nach dem Kampfnamen des Dojo-Leiters benannt sein. Ganz fr\u00fcher hie\u00df unser Dojo \u201eKaizen Dojo\u201c. Gegr\u00fcndet wurde das Dojo 1993 von Frank Schuck (mittlerweile 8. Dan), der auch verantwortlicher [&hellip;]<\/p>\n","protected":false},"author":1,"featured_media":0,"parent":0,"menu_order":0,"comment_status":"closed","ping_status":"closed","template":"","meta":{"footnotes":""},"class_list":["post-31","page","type-page","status-publish","hentry"],"_links":{"self":[{"href":"https:\/\/karate.isph.de\/index.php\/wp-json\/wp\/v2\/pages\/31","targetHints":{"allow":["GET"]}}],"collection":[{"href":"https:\/\/karate.isph.de\/index.php\/wp-json\/wp\/v2\/pages"}],"about":[{"href":"https:\/\/karate.isph.de\/index.php\/wp-json\/wp\/v2\/types\/page"}],"author":[{"embeddable":true,"href":"https:\/\/karate.isph.de\/index.php\/wp-json\/wp\/v2\/users\/1"}],"replies":[{"embeddable":true,"href":"https:\/\/karate.isph.de\/index.php\/wp-json\/wp\/v2\/comments?post=31"}],"version-history":[{"count":1,"href":"https:\/\/karate.isph.de\/index.php\/wp-json\/wp\/v2\/pages\/31\/revisions"}],"predecessor-version":[{"id":32,"href":"https:\/\/karate.isph.de\/index.php\/wp-json\/wp\/v2\/pages\/31\/revisions\/32"}],"wp:attachment":[{"href":"https:\/\/karate.isph.de\/index.php\/wp-json\/wp\/v2\/media?parent=31"}],"curies":[{"name":"wp","href":"https:\/\/api.w.org\/{rel}","templated":true}]}}

Über das Wildcat-Dojo

<p>Warum heißt unser Dojo „Wildcat Dojo“?<br>Wildcat ist der Kampfname unseres Kyoshis Stephan. Den Kampfnamen bekommt man bei der Schwarzgurt-Prüfung von seinem Lehrer verliehen. Ein Dojo muss nicht nach dem Kampfnamen des Dojo-Leiters benannt sein. Ganz früher hieß unser Dojo „Kaizen Dojo“.</p>



<p>Gegründet wurde das Dojo 1993 von Frank Schuck (mittlerweile 8. Dan), der auch verantwortlicher Leiter des SOHF Verbandes in Europa ist.</p>

<p>Warum heißt unser Dojo „Wildcat Dojo“?Wildcat ist der Kampfname unseres Kyoshis Stephan. Den Kampfnamen bekommt man bei der Schwarzgurt-Prüfung von seinem Lehrer verliehen. Ein Dojo muss nicht nach dem Kampfnamen des Dojo-Leiters benannt sein. Ganz früher hieß unser Dojo „Kaizen Dojo“. Gegründet wurde das Dojo 1993 von Frank Schuck (mittlerweile 8. Dan), der auch verantwortlicher [&hellip;]</p>
